1*n + -2)?
2, 83
List the prime factors of (1 - 34/30) + 46247296/10245.
2, 37, 61
Suppose -a - 5*h = -772, h = 3*a - 2737 + 469. Let w = -440 + a. List the prime factors of w.
317
What are the prime factors of (-2)/8*((6 - 17) + -121725 + -12)?
11, 2767
Let r = 9407 - 353. What are the prime factors of r?
2, 3, 503
Suppose 10*t = 8 - 8. Suppose -d + 2*f + 1504 = 4*d, 2*d + 4*f - 592 = t. What are the prime factors of d?
2, 3, 5
Let d(r) be the third derivative of 2*r**5/15 - 13*r**4/24 + 3*r**3/2 - 10*r**2 + r. List the prime factors of d(7).
2, 5, 31
Let g be (2/6 - (-28)/6) + -4. Let x(n) = 391*n**2 + n. List the prime factors of x(g).
2, 7
Suppose 25*c + 232636 = 3*c + 928980. List the prime factors of c.
2, 41, 193
Suppose -9*v - 1067 = -302. Let o = -192 - v. Let h = -58 - o. List the prime factors of h.
7
Suppose 0 = -16*m + 60011 + 53973. List the prime factors of m.
2, 13, 137
Let v = -21 - -26. What are the prime factors of 2477/v + 10/(-25)?
3, 5, 11
Let t be ((-45)/12)/(3/(-8)). Let g(a) = 14*a + a**3 + 2 - 2*a**3 + t + 2*a**3 - 12*a**2. List the prime factors of g(11).
3, 5
Let n(y) = y**3 - 26*y**2 + 106*y - 25. List the prime factors of n(31).
2, 37, 109
Let z = -11409 - -19272. List the prime factors of z.
3, 2621
What are the prime factors of (-249)/(-10)*246 - (-138)/(-345)?
5, 7
Suppose -22*v + 24*v = 338. Let f = v + 1075. What are the prime factors of f?
2, 311
Let z(b) = b**2 - 14*b + 11. Let l be z(13). List the prime factors of (l + (-51)/(-6))/((-3)/(-198)).
3, 11, 13
Let u = -387 - -503. Suppose 55*n - 59*n + u = 0. What are the prime factors of n?
29
Let o(p) = 32*p**2 + 29*p - 227. Let z(f) = -11*f**2 - 8*f + 76. Let u(v) = -2*o(v) - 7*z(v). List the prime factors of u(-8).
2, 5, 7, 11
Let c(d) = d**2 - 2*d - 1. Let n be c(3). Let m be 23972/182 - 26/(-91). Suppose 2 = n*g - m. What are the prime factors of g?
67
Suppose 3*y + 16 = 2*n, 2*n - 4*y - 20 = -0*n. Let u = -91 + 86. List the prime factors of (n + u)*(-424)/24.
53
Suppose 11*w = -2*w + 31551. Suppose 612 = d + 3*o, -4*d - 5*o + w = -0*d. What are the prime factors of d?
3, 67
Let b(r) = -77*r**3 - 2*r**2 - 3*r. Let c be b(-2). Suppose -480 = c*a - 618*a. What are the prime factors of a?
2, 3, 5
Let s = 43 - 97. List the prime factors of 1/(-3)*1 - 17352/s.
3, 107
Suppose 0 = 3*a + 2*v - 1118, 0 = -a - 2*v + 4*v + 362. Suppose -3*c + u + 285 = -0*u, -2*u = 4*c - a. What are the prime factors of c?
2, 47
What are the prime factors of -524*42/112*(-56)/3?
2, 7, 131
Let w(j) = 550*j - 6502. What are the prime factors of w(21)?
2, 631
Let w = 807 - 813. What are the prime factors of (-21 - -12)/(w/(-496)*-1)?
2, 3, 31
Suppose 894 = -5*k + 94. Let a be (48/(-20))/(2/k). Suppose 7*h = 3*h + 2*u + a, 5*u = 4*h - 204. List the prime factors of h.
2, 23
Let y(c) = 221*c - 115. Let g be y(-5). Let i = -708 - g. List the prime factors of i.
2
List the prime factors of (-1353*36)/(-3) - 270/30.
3, 601
List the prime factors of -22 + 897680/64 - 10/8.
11, 19, 67
Let f(v) = 2*v**2 + 188*v + 201. What are the prime factors of f(-102)?
3, 13, 47
List the prime factors of 1698*(-40)/(-15) - 14.
2, 37, 61
Suppose 0 = 2*g - i - 4885, 4*g - i = 2723 + 7044. List the prime factors of g.
2441
Let u be (-6)/5*(-11)/(-88)*-20. Let y = 1 - 1. Suppose u*f + j - 20 - 347 = y, -f - 2*j = -119. List the prime factors of f.
3, 41
Suppose -45*i = -2313850 - 1510160. What are the prime factors of i?
2, 3, 4721
Let z(j) = 6*j**2 - 3*j - 3. Let l be z(-1). Suppose -10*h + l*h = 56. What are the prime factors of (-7865)/(-91) + 6/h?
2, 43
Let k(m) = m**2 + m. Let h be k(-1). Suppose 2*p - 433 = -3*s + 147, 964 = 5*s + 4*p. List the prime factors of (s - (h - 1)) + 15/15.
2, 3, 11
Let y = 5737 + -5582. List the prime factors of y.
5, 31
Suppose -1788087 = -223*s - 14345. List the prime factors of s.
2, 41, 97
Let p(s) = -s**3 + 9*s**2 + 21*s + 9. Let m be p(11). Let r be (-9 + (-3 - m))*(-1494)/45. Let q = 509 - r. List the prime factors of q.
3, 59
Let t(r) = 13*r**2 - 2*r - 3. Let h be t(-5). Let v = h - 223. What are the prime factors of v?
109
Let y(a) = a**3 + 14*a**2 - 16*a - 8. Let q be y(-15). Suppose q*i = -3*x + 12*i + 625, 3*i + 203 = x. What are the prime factors of x?
5, 43
Suppose -55360*g = -55345*g - 1364430. What are the prime factors of g?
2, 45481
Suppose -v - 7*a + 1183 = -8*a, -3*v + 3577 = 4*a. What are the prime factors of v?
1187
Suppose 4*a - 7600 = -4*v, -7*v = -2*v + a - 9516. Let s = v - 789. List the prime factors of s.
5, 223
Suppose 0 = -4*f - w + 37645, -16*w + 9412 = f - 15*w. List the prime factors of f.
3, 3137
Let i be (565 - -1)/((-1)/18*-12). Suppose -157 = -v - 3*x, -5*v + 7*x - 6*x + i = 0. List the prime factors of v.
13
Let s(h) = -h**3 + 12*h**2 - 8*h - 27. Let y be s(11). Suppose -y*n - 2565 = -11*n. Suppose -3*o = -5*j - 5*o + n, 2*j = 2*o + 208. List the prime factors of j.
103
Let b be (-212)/(-26) - 12/78. Let q(i) be the third derivative of 3*i**4/8 - i**3/3 - 9*i**2 + 5*i. List the prime factors of q(b).
2, 5, 7
Suppose -f + 2*f = -2*i + 20227, 5*f = 4*i + 101065. Suppose -j + f = 22*j. List the prime factors of j.
3, 293
Let o(r) = 62*r - 12. Let a be -4 + 7/(28/32). What are the prime factors of o(a)?
2, 59
Let v = 26201 - 9966. What are the prime factors of v?
5, 17, 191
Suppose 5*d - 3*c = 10, -5*d = 4*c - 1 + 26. List the prime factors of d/(1/3*126/(-53592)).
2, 11, 29
Let t(q) = 23*q + 1. Let z be 9/6*4/(-3) + 1. Let j be t(z). What are the prime factors of 10/(-55) + (-4910)/j?
223
Suppose -19*z + 176 = -8*z. Suppose 0 = 4*b + z, 39*i = 35*i + 4*b + 3184. List the prime factors of i.
2, 3, 11
Suppose -64*f = -272*f + 2110368. What are the prime factors of f?
2, 3, 19, 89
Let l(q) = 21*q - 8 + 1 - 11*q - 11. Let n be l(8). Let b = -42 + n. What are the prime factors of b?
2, 5
Let k(z) = -7*z**3 + 13*z**2 - 19*z - 26. What are the prime factors of k(-14)?
2, 3, 13, 47
Let d(p) be the first derivative of 4*p**3/3 + p**2/2 + 6*p - 1. Let q(b) = b**2 - 15*b - 186. Let n be q(23). What are the prime factors of d(n)?
2, 5
Let q be (-2 - -1) + 30/6. Suppose 3*w - 3*s = 24, -s = 3*w + q*s + 16. Let r(i) = i**3 - 4*i**2 + 4*i + 1. What are the prime factors of r(w)?
2
Let g = -70240 + 130372. What are the prime factors of g?
2, 3, 5011
Suppose 13*k - 17676 = -5*k. Suppose 4*r = -2*j + k, -3*j = -6*j + 3*r + 1464. What are the prime factors of j?
3, 163
Suppose 5*o - 4*g + 2*g + 42 = 0, 5*o = -5*g - 70. List the prime factors of (2/3)/(o/(-480)*8).
2
Let l(q) = -276*q + 1802. List the prime factors of l(-11).
2, 41, 59
Let a = 5191 + -7477. List the prime factors of (4 - 6)/(9/a).
2, 127
Suppose 0 = -r - w + 27 + 104, -3*r + 401 = w. List the prime factors of (4 - (-1 + 2))*6795/r.
151
Let u = -4 - -10. Let g(m) = -51*m + 17. Let s be g(-20). Suppose 29 = -u*r + s. What are the prime factors of r?
2, 3, 7
Let s be ((-3060)/54)/(1/3). Let j = -158 - s. What are the prime factors of j?
2, 3
Let u = 1711 + -1449. What are the prime factors of u?
2, 131
Let w(l) = 2*l - 5 + 0*l + 6*l**2 + l + l**3 + 0*l. Let c be w(-5). Suppose 209 = c*i - 311. List the prime factors of i.
2, 13
Suppose 8*k + 596775 = 10*k + 71*k. List the prime factors of k.
3, 5, 109
Suppose 0 = -5*t + 2*z + 106508, -3*t = -85*z + 80*z - 63901. What are the prime factors of t?
2, 10651
Let c(w) = 197*w**2 + 8*w - 162. List the prime factors of c(6).
2, 3, 1163
Suppose -4*p = 4*r - 248, -265 = -6*p + p + 4*r. List the prime factors of (p - 5)*(-184)/(-16).
2, 13, 23
Let h(d) = 6*d**3 - 4*d**2 - 86*d + 779. What are the prime factors of h(16)?
5, 4591
Let a(u) = u**3 + 10*u**2 + 6*u - 6. Let y be ((-29)/(-6) + (-8)/24)*-2. Let z be a(y). Let k = z + 56. List the prime factors of k.
7, 11
Let j be ((4 + -4)/1)/(-1). Suppose 5*r - 281 = m, -3*r + j*r - 1265 = 5*m. Let u = 383 + m. What are the prime factors of u?
127
Let x be (-93)/62*(27 - 1). Let k = 37 + x. Let h(j) = -6*j**3 - 4*j**2 - 2*j - 3. What are the prime factors of h(k)?
3, 11
Suppose z - 5*b = 29637, 0 = -3*z + 3*b + 2*b + 88921. What are the prime factors of (1/(-2))/(6 - z/4940)?
5, 13, 19
Let f be 2 - (-3 + 4 - 2329). Suppose -c - 85 = 4*u - f, -4*c = 2*u - 1112. What are the prime factors of u?
2, 281
Suppose -3